323122?
11323122
In base 9, what is 1008 + -107?
801
In base 5, what is 11 - 1120403?
-1120342
In base 5, what is -1244 - 224221?
-231020
In base 16, what is -609f + -4?
-60a3
In base 10, what is -211 + -88?
-299
In base 6, what is -110 + 10050?
5540
In base 15, what is 4 - -2e348?
2e34c
In base 8, what is -1704 + -314?
-2220
In base 12, what is 79 - 407?
-34a
In base 4, what is -103312 - 101301?
-211213
In base 5, what is 423 + 311?
1234
In base 5, what is 344 + -23211?
-22312
In base 14, what is 754 + -c?
746
In base 6, what is -30 - -22552?
22522
In base 4, what is -1002 + 113132?
112130
In base 2, what is 1110010010011101101010 - 0?
1110010010011101101010
In base 8, what is 602 - 152?
430
In base 5, what is 43 + 21301?
21344
In base 12, what is -4 + -15aa?
-15b2
In base 11, what is -54761 - 4?
-54765
In base 12, what is -3bab0 - 3?
-3bab3
In base 6, what is 31 - 44414?
-44343
In base 15, what is 67a - 567?
113
In base 5, what is -13104314 - 11?
-13104330
In base 5, what is 320120 + 3?
320123
In base 14, what is d540 - -8?
d548
In base 14, what is -346403 + -4?
-346407
In base 6, what is -11 - 242313?
-242324
In base 9, what is 2145 - -44?
2200
In base 14, what is 12867 - 13?
12854
In base 13, what is -232 + 212?
-20
In base 9, what is -243 - -10?
-233
In base 13, what is 24 + b58?
b7c
In base 4, what is -101020033 + -220?
-101020313
In base 7, what is 2006 - -1406?
3415
In base 11, what is 4482 - 4?
4479
In base 5, what is -303 + -14333?
-20141
In base 13, what is -2a + -401c?
-4049
In base 6, what is -152 + 55311?
55115
In base 15, what is -57bcd + 2?
-57bcb
In base 4, what is -23220 + -21?
-23301
In base 6, what is 100414 + 142?
101000
In base 15, what is 2 + -1629e0?
-1629dd
In base 15, what is -242 + 5c?
-1d5
In base 9, what is -25 + -4573?
-4608
In base 4, what is -30233000 - 3?
-30233003
In base 14, what is 401 - -b2?
4b3
In base 12, what is -194456 - 8?
-194462
In base 5, what is 2334 + 130340?
133224
In base 3, what is -2 - 222022221210?
-222022221212
In base 13, what is 41 + 1310?
1351
In base 11, what is 287251 + 2?
287253
In base 15, what is 3ab + -d?
39d
In base 15, what is 9e4e - -1?
9e50
In base 2, what is -101 + -111111100000010?
-111111100000111
In base 4, what is 1 - 101311?
-101310
In base 2, what is -111 - -10001100010?
10001011011
In base 7, what is -15315 + -11?
-15326
In base 6, what is 51451 - 10?
51441
In base 12, what is 77a - -2?
780
In base 16, what is 7 - 1d90?
-1d89
In base 15, what is 6085 - -4?
6089
In base 9, what is -626 - 13?
-640
In base 2, what is -1000000111001111 - 1010?
-1000000111011001
In base 16, what is 60c - 1b?
5f1
In base 10, what is -236450 + -1?
-236451
In base 7, what is 1321223 - -2?
1321225
In base 5, what is 2 + 22010?
22012
In base 6, what is 124524 - 3?
124521
In base 10, what is 319526 - 4?
319522
In base 12, what is 2 - -b7621?
b7623
In base 2, what is -10100010110010 + 0?
-10100010110010
In base 9, what is -3105 - 3?
-3108
In base 8, what is 7 + -40115?
-40106
In base 2, what is -110 + -1000110111000100111?
-1000110111000101101
In base 11, what is -2a833 + 6?
-2a828
In base 15, what is 15d2 - -2ad?
1890
In base 16, what is -10e8 + e?
-10da
In base 12, what is -3 - 2826?
-2829
In base 14, what is -37029 + 13?
-37016
In base 15, what is -73 + 3a83?
3a10
In base 16, what is 24dd - -a?
24e7
In base 7, what is -2 + -1142646?
-1142651
In base 6, what is -5 - -540403?
540354
In base 11, what is 1 + -5828?
-5827
In base 14, what is 77 - 17cb?
-1754
In base 4, what is 2233 - 120023?
-111130
In base 7, what is -2 - -3466355?
3466353
In base 15, what is 0 + 1b1ee?
1b1ee
In base 12, what is 30a - -7?
315
In base 12, what is 4 - a1263?
-a125b
In base 12, what is 25bb + -12?
25a9
In base 14, what is -389a - -24?
-3876
In base 13, what is -cb3 + 45a?
-856
In base 7, what is -22346524 + 1?
-22346523
In base 8, what is 402026 - 5?
402021
In base 3, what is -222002211 - -11?
-222002200
In base 5, what is -14300300 - 4?
-14300304
In base 16, what is 31 + -41b?
-3ea
In base 13, what is 2 - 2a37?
-2a35
In base 7, what is 125 + -36?
56
In base 6, what is -114534 + 5?
-114525
In base 4, what is 230301 - 313?
223322
In base 7, what is -423251 - 5?
-423256
In base 12, what is -3725 + 3?
-3722
In base 13, what is -140 + 17c?
3c
In base 11, what is 4 - -a0710?
a0714
In base 12, what is -2044 + -41?
-2085
In base 9, what is 233766 + -2?
233764
In base 13, what is 2821 + -17?
2807
In base 6, what is -1255 - -52?
-1203
In base 7, what is 10314405 + 0?
10314405
In base 2, what is 100 + 100001110?
100010010
In base 14, what is 5 + 33d02?
33d07
In base 3, what is -111220000 + -10?
-111220010
In base 3, what is 20112220 - 21?
20112122
In base 7, what is -23 + 4003?
3650
In base 10, what is 16 - 13596?
-13580
In base 2, what is 11101100101100101010 + -11?
11101100101100100111
In base 5, what is 202322434 - -1?
202322440
In base 8, what is 12753 - -576?
13551
In base 3, what is 0 - -2012020000?
2012020000
In base 10, what is 5 - -45589?
45594
In base 6, what is 10 + 444501?
444511
In base 6, what is 0 - 15104041?
-15104041
In base 5, what is -1130403 - 223?
-1131131
In base 4, what is 3 + -3220313111?
-3220313102
In base 10, what is 3783050 + 1?
3783051
In base 3, what is -1 + -110000010000?
-110000010001
In base 4, what is -11 - 102331331?
-102332002
In base 2, what is 100110011101100001 + -100?
100110011101011101
In base 5, what is -112411221 + -2?
-112411223
In base 4, what is 11 - -1203122201?
1203122212
In base 9, what is -5406 - -32?
-5364
In base 6, what is 33324 - 0?
33324
In base 11, what is 5 + 43769?
43773
In base 2, what is 101000001001 - -110011?
101000111100
In base 14, what is 6 + 50c3?
50c9
In base 11, what is 358 + -20a6?
-1849
In base 11, what is 61 + 584?
635
In base 4, what is 3 + -321012?
-321003
In base 15, what is 500149 - -3?
50014c
In base 3, what is -22000 + -1011?
-100011
In base 11, what is -31a19 + -28?
-31a46
In base 4, what is 2 + -3003031?
-3003023
In base 11, what is -4 - 6198?
-61a1
In base 3, what is -1200 - 210020002?
-210021202
In base 15, what is 10 + ee4?
1004
In base 9, what is -55536 - 6?
-55543
In base 9, what is -78 + 1747?
1658
In base 14, what is 77 + 3400?
3477
In base 15, what is -5 + -1dbe?
-1dc4
In base 4, what is -22 - -113200220?
113200132
In base 8, what is 77230 + -2?
77226
In base 10, what is -25798 - 0?
-25798
In base 2, what is 1100 - -1110111100011?
1110111101111
In base 11, what is 4 + -982861?
-982858
In base 16, what is 16 + -14e?
-138
In base 12, what is -26 + 68a0?
6876
In base 4, what is -201 - -10222122?
10221321
In base 11, what is -35976 - 62?
-35a28
In base 11, what is 1 + 319?
31a
In base 6, what is -10 + -15120530?
-15120540
In base 2, what is -11 + 110000011100001101?
110000011100001010
In base 12, what is -7521 + 36?
-74a7
In base 6, what is 5 - 3314212?
-3314203
In base 6, what is 2432304 - -11?
2432315
In base 6, what is -1401 + 10?
-1351
In base 6, what is -2511 + -55502?
-102413
In base 5, what is -42312 - -124?
-42133
In base 11, what is -392 + 114?
-279
In base 10, what is 5 - 67568?
-67563
In base 5, what is -13012 + -200?
-13212
In base 13, what is -9 + 173a?
1731
In base 11, what is -112 - -197?
85
In base 2, what is 10101 - -1001111110000?
1010000000101
In base 13, what is -123b02 + 0?
-123b02
In base 11, what is -1 + -67997?
-67998
In base 14, what is 5 + 59b5d?
59b64
In base 16, what is 1c - 134f?
-1333
In base 5, what is -2443 + -202?
-3200
In base 7, what is 6436 + -13?
6423
In base 8, what is -40010 + 20?
-37770
In base 12, what is 99 + -223a?
-2161
In base 3, what is 11112012 + -112?
11111200
In base 12, what is 6332 + -34?
62ba
In base 6, what is 112050 + -2?
112044
In base 8, what is 66737 + -73?
66644
In base 10, what is 0 + 150680?
150680
In base 9, what is 21543 + 11?
21554
In base 7, what is -25 - -100121?
100063
In base 16, what is 3 + -20e97?
-20e94
In base 7, what is 35 - -62141?
62206
In base 7, what is -555260 - 1?
-555261
In base 6, what is 5551 + -1443?
4104
In base 7, what is 22216 + 2?
22221
In base 11, what is -2 - 135944?
-135946
In base 2, what is -1000011 + -1100000100001?
-1100001100100
In base 7, what is -151 + 10026?
6545
In base 4, what is -220 + 3010?
2130
In base 4, what is 11 + 1103001122?
1103001133
In